7 is divided by 4.
1
What is the remainder when 77455 is divided by 119?
105
What is the remainder when 2030 is divided by 1769?
261
Calculate the remainder when 3927 is divided by 1.
0
What is the remainder when 11895 is divided by 3928?
111
Calculate the remainder when 2692 is divided by 214.
124
Calculate the remainder when 184 is divided by 42.
16
What is the remainder when 1367504 is divided by 14?
12
What is the remainder when 55128 is divided by 424?
8
Calculate the remainder when 158817 is divided by 158773.
44
What is the remainder when 24383 is divided by 55?
18
What is the remainder when 776 is divided by 232?
80
Calculate the remainder when 53010 is divided by 8.
2
Calculate the remainder when 1246 is divided by 283.
114
Calculate the remainder when 3563 is divided by 242.
175
Calculate the remainder when 3812 is divided by 1269.
5
What is the remainder when 476106 is divided by 1224?
1194
What is the remainder when 14432 is divided by 14015?
417
Calculate the remainder when 515 is divided by 367.
148
Calculate the remainder when 515879 is divided by 479.
475
What is the remainder when 299226 is divided by 72?
66
Calculate the remainder when 38745 is divided by 87.
30
Calculate the remainder when 1606 is divided by 391.
42
What is the remainder when 38028 is divided by 930?
828
Calculate the remainder when 48518 is divided by 1063.
683
Calculate the remainder when 4178 is divided by 14.
6
Calculate the remainder when 10824 is divided by 1201.
15
Calculate the remainder when 776 is divided by 10.
6
Calculate the remainder when 24639 is divided by 11.
10
Calculate the remainder when 1075205 is divided by 363.
362
Calculate the remainder when 54611 is divided by 166.
163
What is the remainder when 5214 is divided by 162?
30
What is the remainder when 260646 is divided by 1498?
1492
Calculate the remainder when 1900 is divided by 1845.
55
What is the remainder when 63812 is divided by 17?
11
What is the remainder when 165439 is divided by 376?
375
What is the remainder when 22444 is divided by 7463?
55
What is the remainder when 7627 is divided by 88?
59
What is the remainder when 7632 is divided by 49?
37
Calculate the remainder when 121 is divided by 24.
1
What is the remainder when 2040 is divided by 66?
60
Calculate the remainder when 5582 is divided by 43.
35
Calculate the remainder when 8400 is divided by 941.
872
What is the remainder when 289870 is divided by 48?
46
What is the remainder when 51973 is divided by 460?
453
What is the remainder when 23574 is divided by 1472?
22
Calculate the remainder when 85312 is divided by 21325.
12
What is the remainder when 1119 is divided by 83?
40
Calculate the remainder when 117980 is divided by 4915.
20
Calculate the remainder when 426009 is divided by 142002.
3
Calculate the remainder when 62203 is divided by 435.
433
Calculate the remainder when 224124 is divided by 1288.
12
What is the remainder when 529 is divided by 255?
19
Calculate the remainder when 387528 is divided by 3460.
8
Calculate the remainder when 21443 is divided by 21.
2
What is the remainder when 35732 is divided by 5951?
26
What is the remainder when 107724 is divided by 31?
30
What is the remainder when 887767 is divided by 1901?
0
Calculate the remainder when 64951 is divided by 7.
5
What is the remainder when 10259 is divided by 1383?
578
Calculate the remainder when 41998 is divided by 15.
13
Calculate the remainder when 332160 is divided by 1182.
18
What is the remainder when 6351 is divided by 262?
63
What is the remainder when 22891 is divided by 772?
503
What is the remainder when 190270 is divided by 295?
290
Calculate the remainder when 252655 is divided by 63160.
15
What is the remainder when 109381 is divided by 182?
181
Calculate the remainder when 105981 is divided by 2355.
6
What is the remainder when 521 is divided by 163?
32
Calculate the remainder when 361331 is divided by 26.
9
What is the remainder when 400 is divided by 173?
54
What is the remainder when 152878 is divided by 38178?
166
Calculate the remainder when 91718 is divided by 20.
18
What is the remainder when 1121944 is divided by 280477?
36
Calculate the remainder when 16431 is divided by 5475.
6
What is the remainder when 639837 is divided by 186?
183
Calculate the remainder when 83258 is divided by 27712.
122
What is the remainder when 64643 is divided by 886?
851
Calculate the remainder when 5473 is divided by 2729.
15
What is the remainder when 207576 is divided by 527?
465
What is the remainder when 1605 is divided by 74?
51
Calculate the remainder when 56756 is divided by 5674.
16
What is the remainder when 328 is divided by 56?
48
What is the remainder when 209845 is divided by 11?
9
What is the remainder when 1168 is divided by 176?
112
Calculate the remainder when 5042 is divided by 43.
11
Calculate the remainder when 826 is divided by 72.
34
Calculate the remainder when 1000 is divided by 468.
64
Calculate the remainder when 72007 is divided by 26.
13
Calculate the remainder when 9224 is divided by 700.
124
Calculate the remainder when 624020 is divided by 227.
224
What is the remainder when 1645 is divided by 898?
747
Calculate the remainder when 38362 is divided by 23.
21
Calculate the remainder when 3703 is divided by 206.
201
What is the remainder when 555558 is divided by 340?
338
Calculate the remainder when 18212 is divided by 1111.
436
What is the remainder when 2435 is divided by 1148?
139
What is the remainder when 50087 is divided by 1615?
22
What is the remainder when 220036 is divided by 313?
310
What is the remainder when 344499 is divided by 65?
64
What is the remainder when 162032 is divided by 1328?
16
Calculate the remainder when 12511 is divided by 388.
95
Calculate the remainder when 26804 is divided by 893.
14
Calculate the remainder when 4360 is divided by 270.
40
What is the remainder when 40179 is divided by 375?
54
What is the remainder when 5750 is divided by 5600?
150
Calculate the remainder when 9194093 is divided by 27.
26
Calculate the remainder when 42748 is divided by 84.
76
Calculate the remainder when 1699 is divided by 151.
38
What is the remainder when 16686 is divided by 138?
126
Calculate the remainder when 72083 is divided by 7.
4
Calculate the remainder when 56495 is divided by 24.
23
Calculate the remainder when 386916 is divided by 96727.
8
Calculate the remainder when 21428 is divided by 149.
121
What is the remainder when 27810 is divided by 152?
146
Calculate the remainder when 1330848 is divided by 41589.
0
What is the remainder when 43304 is divided by 59?
57
What is the remainder when 577219 is divided by 532?
531
Calculate the remainder when 4654 is divided by 2278.
98
Calculate the remainder when 29200 is divided by 9661.
217
Calculate the remainder when 13611 is divided by 618.
15
What is the remainder when 3014 is divided by 1492?
30
Calculate the remainder when 3946 is divided by 359.
356
Calculate the remainder when 4837 is divided by 53.
14
Calculate the remainder when 15199 is divided by 523.
32
What is the remainder when 38074 is divided by 2719?
8
Calculate the remainder when 210439 is divided by 247.
242
Calculate the remainder when 598192 is divided by 65.
62
What is the remainder when 17223 is divided by 66?
63
What is the remainder when 32925 is divided by 38?
17
Calculate the remainder when 1605 is divided by 530.
15
What is the remainder when 1143099 is divided by 284?
283
Calculate the remainder when 62427 is divided by 21.
15
Calculate the remainder when 13399 is divided by 1482.
61
What is the remainder when 59351 is divided by 1041?
14
Calculate the remainder when 4615610 is divided by 377.
376
Calculate the remainder when 346084 is divided by 261.
259
What is the remainder when 19533 is divided by 58?
45
Calculate the remainder when 55004 is divided by 27483.
38
Calculate the remainder when 18068 is divided by 24.
20
Calculate the remainder when 4229 is divided by 39.
17
Calculate the remainder when 17448 is divided by 1464.
1344
What is the remainder when 787080 is divided by 253?
250
Calculate the remainder when 25713 is divided by 219.
90
Calculate the remainder when 9422 is divided by 1553.
104
Calculate the remainder when 295906 is divided by 125.
31